lse
Does 563 divide 77414163?
False
Is 59 a factor of 31072468?
True
Does 252 divide 127259885?
False
Is 125 a factor of 12996881?
False
Does 2649 divide 1976771217?
True
Is 28 a factor of 62164055?
False
Is 261019154 a multiple of 3641?
False
Is 225993120 a multiple of 240?
True
Does 101 divide 40074174?
True
Does 3807 divide 622471149?
True
Is 2820380166 a multiple of 45?
False
Is 53 a factor of 174725365?
True
Is 143429455 a multiple of 1345?
True
Is 472980626 a multiple of 54?
False
Is 285 a factor of 89002967?
False
Is 63743218 a multiple of 22?
True
Is 496107172 a multiple of 18?
False
Is 836647463 a multiple of 55?
False
Is 124 a factor of 107760960?
True
Does 28 divide 10260718?
False
Is 124 a factor of 13791141?
False
Is 1911217412 a multiple of 13?
True
Is 14012528 a multiple of 667?
False
Is 286141681 a multiple of 455?
False
Is 252 a factor of 6692303?
False
Does 102 divide 62053711?
False
Does 1934 divide 255471730?
True
Is 166 a factor of 82033548?
True
Is 506162781 a multiple of 4?
False
Is 107 a factor of 125511749?
True
Does 3830 divide 59177330?
True
Does 41 divide 3756871?
True
Is 146 a factor of 23695508?
True
Is 14931974 a multiple of 3?
False
Is 27002434 a multiple of 15?
False
Is 5119672 a multiple of 2?
True
Is 36718074 a multiple of 186?
True
Is 41603868 a multiple of 73?
True
Does 199 divide 32758747?
False
Does 15 divide 487054995?
True
Does 17 divide 1523200246?
False
Is 312 a factor of 667133064?
True
Is 494 a factor of 4427722?
True
Is 2 a factor of 1779458?
True
Does 12 divide 475565582?
False
Does 83 divide 95241836?
True
Is 67945220 a multiple of 115?
True
Is 598693219 a multiple of 121?
False
Is 38 a factor of 15465185?
False
Does 4595 divide 444603010?
True
Does 15645 divide 34348442?
False
Is 4890247043 a multiple of 37?
True
Is 1901086016 a multiple of 467?
True
Is 12 a factor of 47339809?
False
Is 494 a factor of 33616700?
True
Is 954 a factor of 106650335?
False
Is 92 a factor of 7055550?
False
Is 8 a factor of 113964095?
False
Does 8 divide 90126232?
True
Is 38 a factor of 87418682?
False
Does 9635 divide 488773915?
True
Does 21 divide 563360455?
False
Is 28971812 a multiple of 31?
False
Is 2 a factor of 6412828?
True
Does 72 divide 1431264384?
True
Is 40329073 a multiple of 17?
False
Does 17 divide 2432424531?
False
Is 3805307 a multiple of 17?
False
Is 210353612 a multiple of 28?
True
Is 1910 a factor of 648675217?
False
Is 602 a factor of 60405884?
True
Is 2 a factor of 39493567?
False
Does 8 divide 14737528?
True
Is 112993911 a multiple of 9?
True
Does 50 divide 17052626?
False
Does 18 divide 1756372003?
False
Is 9069 a factor of 829876336?
False
Does 28 divide 1024534392?
True
Is 342121290 a multiple of 2701?
False
Is 67788630 a multiple of 130?
True
Does 22 divide 5370784672?
True
Does 17 divide 626689071?
True
Is 153359668 a multiple of 124?
False
Is 21 a factor of 2007328491?
True
Is 11181342 a multiple of 819?
False
Does 3131 divide 77431259?
False
Is 10068411 a multiple of 362?
False
Is 5641528 a multiple of 4?
True
Does 188 divide 128279544?
True
Does 425 divide 36633680?
False
Is 32911227 a multiple of 9?
True
Is 3 a factor of 146853408?
True
Is 2058 a factor of 870260286?
True
Is 807641449 a multiple of 2788?
False
Is 662864185 a multiple of 210?
False
Does 288 divide 13302432?
True
Is 27 a factor of 65492091?
True
Does 212 divide 258893053?
False
Is 266 a factor of 5730075352?
False
Is 1595 a factor of 3407411260?
True
Does 25 divide 199238175?
True
Is 299 a factor of 326998?
False
Is 700527135 a multiple of 1155?
True
Is 24 a factor of 2225253907?
False
Is 999 a factor of 97270632?
True
Is 982725295 a multiple of 444?
False
Does 8 divide 39611100?
False
Is 4 a factor of 3773280?
True
Does 455 divide 86389485?
True
Does 2635 divide 52931517?
False
Does 167 divide 170624307?
False
Is 6033951354 a multiple of 164?
False
Does 5145 divide 1595688971?
False
Is 1809 a factor of 32422707?
True
Is 4501581 a multiple of 3?
True
Is 161313594 a multiple of 6?
True
Does 5666 divide 4279791835?
False
Is 17148965 a multiple of 63?
False
Is 459052173 a multiple of 489?
True
Does 63 divide 4074966?
True
Does 794 divide 201316318?
True
Is 26 a factor of 15540606?
False
Is 22468748 a multiple of 5?
False
Does 167 divide 38985315?
True
Is 1201036320 a multiple of 3616?
True
Is 1098956852 a multiple of 103?
True
Does 90 divide 93336637?
False
Is 4101009393 a multiple of 5603?
True
Does 438 divide 351043156?
False
Is 189980593 a multiple of 697?
True
Is 8 a factor of 6196429?
False
Is 992 a factor of 117680760?
False
Is 39549773 a multiple of 1009?
True
Is 834 a factor of 32299748?
False
Is 96612760 a multiple of 8?
True
Does 10 divide 1005129416?
False
Is 1080564000 a multiple of 15?
True
Does 101 divide 177278358?
False
Is 52564135 a multiple of 3301?
False
Is 2160061140 a multiple of 172?
True
Is 78 a factor of 166382112?
True
Is 5062 a factor of 63573658?
True
Is 678 a factor of 478921085?
False
Does 2673 divide 21517650?
True
Is 8 a factor of 16886104?
True
Is 1303308583 a multiple of 311?
False
Does 477 divide 55758316?
False
Does 508 divide 9497060?
True
Is 2955 a factor of 96678735?
True
Does 16 divide 73172389?
False
Is 3 a factor of 5841137?
False
Is 83 a factor of 183487104?
True
Is 16269800 a multiple of 5?
True
Is 11 a factor of 145055267?
False
Is 29877881 a multiple of 334?
False
Is 570 a factor of 225844830?
True
Is 231 a factor of 137109029?
False
Is 103 a factor of 27928498?
False
Is 378 a factor of 89789364?
True
Is 123042898 a multiple of 1034?
True
Is 441 a factor of 1174429730?
False
Does 515 divide 4427226855?
True
Is 311 a factor of 3831321?
False
Is 4185714988 a multiple of 182?
True
Does 9 divide 480146904?
True
Is 746 a factor of 27246158?
True
Is 107 a factor of 340396853?
True
Is 26451081 a multiple of 120?
False
Is 2158 a factor of 42145662?
False
Is 18192259 even?
False
Is 34682780 a multiple of 19?
False
Is 30182239 a multiple of 907?
True
Is 5067168408 a multiple of 985?
False
Does 955 divide 39989476?
False
Is 263399679 a multiple of 3249?
True
Is 40 a factor of 493661320?
True
Is 10907019 a multiple of 147?
False
Does 2244 divide 39090480?
True
Is 15 a factor of 78604260?
True
Does 253 divide 427095119?
True
Is 427976564 a multiple of 386?
False
Is 178 a factor of 1454460?
False
Is 2028 a factor of 55210272?
True
Is 12347304 a multiple of 901?
True
Does 16 divide 145998960?
True
Does 146 divide 4958091964?
True
Is 4564842 a multiple of 4?
False
Is 14 a factor of 177183511?
False
Is 5 a factor of 16640724?
False
Is 211948057 a multiple of 1191?
False
Does 142 divide 29997074?
True
Is 1611465515 a multiple of 11?
True
Does 72 divide 37678320?
True
Does 47 divide 56018908?
False
Does 89 divide 803826818?
True
Is 698 a factor of 39927665?
False
Does 3 divide 2087166?
True
Is 658907679 a multiple of 9307?
True
Is 579840598 a multiple of 127?
True
Is 83843023 a multiple of 46?
False
Is 39 a factor of 16487367?
True
Is 24 a factor of 30423264?
True
Is 98209144 a multiple of 141?
False
Is 384310473 a multiple of 57?
True
Is 80 a factor of 14239040?
True
Does 4 divide 142128035?
False
Does 13 divide 2904266024?
False
Is 2982 a factor of 8753404?
False
Is 2736516687 a multiple of 877?
False
Is 378723617 a multiple of 58?
False
Is 69754048 a multiple of 112?
True
Is 6163570 a multiple of 955?
True
Is 104 a factor of 1064460488?
True
Does 13 divide 20463443?
True
Is 7405508 a multiple of 849?
False
Does 25 divide 625923875?
True
Does 17 divide 2945828?
True
Is 27 a factor of 33530897?
False
Is 111 a factor of 39642301?
False
Is 14 a factor of 2915589?
False
Is 13 a factor of 17033979?
False
Is 1440429461 a multiple of 86?
False
Does 6147 divide 536034748?
False
Is 162296428 a multiple of 49?
True
Is 168608220 a multiple of 66?
True
Does 82 divide 15426440?
False
Is 3 a factor of 5190333?
True
Is 95 a factor of 233385740?
True
Is 535 a factor of 376901080?
True
Is 169 a factor of 389486357?
True
Is 414531810 a multiple of 3429?
True
Is 205688350 a multiple of 1106?
True
Is 1574244789 a multiple of 13?
True
Is 1093724676 a multiple of 29?
True
Does 27 divide 711787?
False
Is 6619910 a multiple of 1147?
False
Is 8 a factor of 1079433?
False
Does 17 divide 223309378?
False
Does 21 divide